(-3*3/90) composite?
True
Is 450/(-150)*(2 - 111583/3) composite?
False
Let v = 433 + -251. Let k = v - -3809. Is k a prime number?
False
Suppose 3*q = 3*j - 54375, 20*q - 25*q = 5*j + 90615. Let h = q + 26591. Is h a prime number?
True
Let s be (1/((-4)/1959))/((-102)/544). Suppose 0 = -3*f + 2*f + 2. Suppose -f*j + 0*j = -s. Is j composite?
True
Let n(x) = 6*x - 66. Let s be n(15). Let h(o) = 4*o**2 + 18*o - 31. Is h(s) prime?
False
Let n = 142 + 207. Let s = n - 203. Suppose 4*x + 12 = 0, 3*x + 1958 = 5*h - s. Is h a prime number?
True
Let j be (-14)/(-6) + -2 - (-11)/3. Let l be j/(-2) - (-2 + (3 - -3)). Is 5185/15 + (-2)/l composite?
True
Let p(q) be the second derivative of q**5/20 + 5*q**4/6 - 7*q**3/6 - 3*q**2/2 + 9*q. Let v be p(-5). Is (14 + -13)/(1/v) a prime number?
True
Let o(x) = -24*x + 36. Let l be o(2). Let w(c) = -49*c - 179. Is w(l) a composite number?
False
Let r(k) = 369*k - 116. Let h(s) = 369*s - 120. Let g(b) = 4*h(b) - 5*r(b). Is g(-19) a composite number?
True
Suppose 0 = -3*s + 5*a + 20533 + 32131, -a + 35079 = 2*s. Is s a composite number?
True
Let i = -3074 - -404. Let g = 62 - 59. Is i/(-3) + g/1*-1 a prime number?
True
Let z(j) be the first derivative of j**3/3 - 11*j**2/2 + 30*j + 20. Let k be z(12). Let h = k + 25. Is h composite?
False
Suppose -62*a - 1032141 = -5457143. Is a a composite number?
True
Let y(b) = 609*b + 2. Suppose -4*t - 4*x - 34 = -82, 4*t = -x + 33. Suppose 0 = -10*s + t*s + 9. Is y(s) a prime number?
False
Let s(w) = 590*w - 181. Let l(c) = -1181*c + 361. Let p(a) = -6*l(a) - 13*s(a). Is p(-6) composite?
False
Let p(m) = m**2 - 6*m - 11. Let g be p(9). Suppose 8*j = -0*j + g. Is ((-4)/3 + j)/((-4)/(-2658)) a prime number?
True
Let c(z) be the second derivative of 733*z**4/12 - z**3/2 + 11*z**2/2 - 124*z. Is c(3) a composite number?
False
Let r = -16 + 13. Let f(n) = -4*n - 12. Let i be f(r). Suppose -2*k + 4*m = -610, i*m - m + 1 = 0. Is k a prime number?
True
Suppose 31*q + 15*q - 13*q = 0. Suppose -5*a + 2*p + 48412 + 49397 = q, 0 = 3*a + 3*p - 58698. Is a a prime number?
False
Suppose 52*r - 54*r + 10 = 0, 9186 = 2*a + 4*r. Is a a composite number?
False
Let g = 20743 + -9299. Suppose 3*t + 22909 = 2*x, -g = -3*x + 2*x + 5*t. Is x composite?
True
Let h = -10230 - -11699. Is h prime?
False
Let n(h) = h**3 + 15*h**2 + 31*h + 51. Let i be n(25). Suppose 4*t - i + 9462 = 0. Is t a prime number?
True
Suppose 23*r = 163275 + 204058. Is r a prime number?
True
Let x = 948 - 972. Is (-980142)/x + (-5)/20 a composite number?
True
Let t be -3*(2 - ((-134240)/12)/(-2)). Let c = -9996 + t. Suppose 20*v - c = 18*v. Is v prime?
True
Suppose -396*s + 183073297 = -17*s. Is s a composite number?
True
Suppose -6*c = -c - 56*c + 78463959. Is c a prime number?
False
Suppose 6*i + 2*f - 21946 = 8*i, 4*f = 3*i + 32914. Let c = 3661 - i. Is c a composite number?
False
Let d be 322/(-77) - (-6)/33. Is ((-6)/1 - -388)/(d/(-14)) composite?
True
Suppose -12*l + 25*l = -81562. Let z = l - -12233. Is z composite?
True
Let x(s) = -2*s - 12. Let f be x(-4). Let w be -6 + 7 + (-1 - f/1). Suppose 3*v + 1092 = -w*u + 6125, 4*u + 4*v = 5032. Is u composite?
False
Let s(b) = -2*b**3 + 0*b**3 + 8*b**2 + 8*b + 3*b**3 - 7*b**2 - 29. Let v(h) = h**2 + 4*h - 6. Let g be v(-6). Is s(g) prime?
True
Suppose -4*u + 106131 = -12*j + 17*j, -j = 5. Is u a composite number?
False
Let q = -37939 - -67538. Is q a prime number?
True
Let m be (-1)/(-4) - 120/(-32). Suppose 6*l - 90 = -m*l. Let j(i) = 76*i - 43. Is j(l) a composite number?
False
Suppose 170 + 166 = -12*b. Is 4/(-14) + -4 + (-1002436)/b composite?
False
Suppose -8*h - 16*h = -516 - 468. Suppose -3*m + 7 = -5. Suppose -m*k - 3*y = -221, -3*y = -k + y + h. Is k prime?
True
Let v(c) = 2137*c**2 + 148*c + 1610. Is v(-15) prime?
False
Suppose 10*u - 21 = 17*u. Is 2357 + 2*(-6)/u a composite number?
True
Let b = -22785 - -33812. Is b a composite number?
False
Suppose 503118 + 109928 = -14*d. Let x = 66192 + d. Is x prime?
False
Let h(z) = 41*z**2 + 8*z + 74. Let b be h(-20). Suppose -40*j = -34*j - b. Is j prime?
True
Suppose -2*l - l + 20 = -4*z, 5*l = 20. Let m be z/(0 - 3/2823). Suppose 0 = 2*o - m + 128. Is o a composite number?
False
Let l be ((-55)/22)/((-2)/(-92)). Let g = 42 - l. Is g a prime number?
True
Suppose -33*r - 51*r = 90*r - 28903314. Is r prime?
False
Suppose 1169333 = 3*v - 4*p, -2*p + 244483 = 5*v - 1704440. Is v composite?
False
Let a(q) = q**2 + 2*q - 6. Let h be a(2). Suppose 8*v - 67427 = 10917. Suppose -5*f - h*f + v = 0. Is f composite?
False
Let l(i) = -i - 23. Let b be l(17). Let p = 40 + b. Suppose 2331 = t - 5*x, p*x - x - 11607 = -5*t. Is t a composite number?
True
Let j(h) = 5*h**3 - 11*h**2 - 5*h - 15. Suppose -432 = -4*i - 2*i. Suppose 3*y - i = -48. Is j(y) prime?
True
Suppose -2*k = -t + 6, 4*t = -k - 6 - 15. Let w(y) = 15*y**2 - 7*y - 13. Is w(k) a composite number?
False
Let p = 2907 + -668. Suppose -11*k = -p + 17. Suppose -1423 + k = -3*b. Is b composite?
True
Let b = 104395 + -40858. Is b composite?
True
Is 2532529/4 + 4 + (7 - (-246)/(-24)) prime?
True
Is 51001*((-45)/99)/(7/(-77)) composite?
True
Let j = -1879 + 4234. Suppose -5*q + j = 3*a, -1884 = -4*q - a - a. Let u = q + -258. Is u a prime number?
False
Suppose 0 = -2*g + 130 - 126. Suppose -5*a - g*x + 4*x = -807, 4*x = -2*a + 318. Is a a prime number?
False
Let z(c) = 4792*c - 391. Is z(9) a prime number?
True
Let k = 26 - 24. Let j be (-44)/(-28) - ((-22)/(-14) - k). Suppose -1179 = -5*r + 2*z, j*r + 4*z = -3*r + 1167. Is r composite?
True
Suppose 50 = -0*x + 5*x. Let r be x/(-15) + 4310/3. Let d = r + -427. Is d prime?
True
Suppose 104 = -0*s + 13*s. Suppose -s*i - 684 = -9124. Is i a prime number?
False
Suppose -4 = -b + 5*q - 12, -3*q = -b. Let f(y) = -18*y**2 + 9*y**2 - 11 - 7*y - b + 26*y**2. Is f(-6) a composite number?
False
Let f(a) = -41*a - 35. Let j(q) = -6*q**2 + 11*q - 1. Let d(i) = -5*i**2 + 12*i - 1. Let o(y) = -4*d(y) + 3*j(y). Let z be o(7). Is f(z) composite?
False
Let h be 2/6 + (-3)/(-18)*22. Suppose f - h*w = -9*w + 1288, 0 = f - 3*w - 1280. Is f composite?
False
Let s(r) = -r**2 + 6*r + 30. Let o = -9 - -18. Let g be s(o). Suppose g*k - 1004 = -k. Is k a composite number?
False
Let y(i) = 22*i**2 + 12*i + 14. Let j be y(-8). Suppose 4*q + 0*m = -2*m + j, 5*q - m = 1654. Is q composite?
False
Let b(r) = -r**2 - 2*r + 3. Let i be b(0). Suppose 4*w + 9*j - 4*j = 1629, -i*w - 4*j = -1222. Let t = -99 + w. Is t a prime number?
True
Let s be ((5 - 0) + -5)*(-1)/(-2). Suppose 5*j - 10207 = d, 5*d + 10195 = 5*j - s*j. Is j composite?
True
Suppose 3*j - 82824 = 62226. Suppose 7*u = 29385 + j. Is u prime?
False
Let n be (346/4)/(16/(-32)). Suppose -5*o = -4*c - 0*c - 260, 0 = -4*c - o - 236. Let a = c - n. Is a a prime number?
True
Suppose 3*w = -5*q + 9935, 2*w - 3*w - 4*q = -3321. Suppose 0 = 7*j - 6222 - w. Is j prime?
True
Let k = 446455 + -281298. Is k a prime number?
False
Suppose -24 = -2*a - 2. Suppose -3*w - a = -77. Is (-2)/(w/(-3533)) + 26/(-143) a prime number?
False
Let t = -124 - -127. Suppose -4*i - 20 = 0, -j - t*i + 0*i = -5088. Let c = j + -1942. Is c a composite number?
True
Suppose 476380 = 5*v + 3*s, 23*v - 19*v = 4*s + 381136. Is v composite?
False
Suppose -8*j - 13*j + j = -3433580. Is j composite?
False
Suppose -k + c = -213609 - 176314, k - 389915 = 3*c. Is k prime?
True
Let w = -337 - 1132. Let l = w - -2830. Is l a composite number?
False
Is (3098*-222)/(-3) + -5 a composite number?
False
Suppose 2*j = -5*h + 21, -2*h + j - 1 = -13. Suppose 5*l - l - h*s = 341, l - 84 = s. Is l a composite number?
False
Suppose 310*w = 270*w + 3313480. Is w a composite number?
False
Let c be ((-48)/20)/6 - (-16223)/(-5). Let q = c - -5704. Is q composite?
False
Suppose 0 = 3*z - 5*l - 2, 0*z = 2*z - 3*l - 2. Suppose -27828 = -z*y + 2*y. Suppose -a + y = 5*a. Is a a composite number?
True
Let w(c) = -147*c - 92*c - 56 - 141*c + 44. Let s be w(-2). Suppose 5*u - 5035 = 5*m - 1205, -u + s = 5*m. Is u a composite number?
True
Suppose -187*b - 1353351 = -206*b. Is b prime?
False
Suppose -y + 19 = -3*f, 2*y - f + 5*f + 2 = 0. Suppose 2430 = 2*j + 2*b, y*j + 4*b = 5*j + 2422. Is j prime?
False
Let m = -35 + 47. Suppose 7*g = 4*g + m. Suppose 3*x + x = -z + 650, 2